 = -v - 19. Let m = 219 - 217. What is the remainder when v is divided by m?
1
Let k(d) = -49*d - 2265. What is the remainder when k(-67) is divided by 114?
106
Let b(g) = -g**2 - 11*g - 28. Let p be b(-3). Calculate the remainder when (-20)/(-8)*68/5 - p is divided by 13.
12
Let y(b) = -6*b**3 + b**2 + 5*b. Let z = -104 - -101. Calculate the remainder when y(z) is divided by 23.
18
Suppose -3*g - 7580 = -z + 2209, -3*g = 9. Calculate the remainder when z is divided by 21.
15
Let j(x) = -x**2 + 1639*x + 8231. Let n(k) = -k + 1 - 1 + 9*k**2. What is the remainder when n(-3) is divided by j(-5)?
7
Let q(p) = -2*p**2 - 45*p + 344. What is the remainder when 9895 is divided by q(-27)?
98
Suppose 5*w + 5 = 6*w. Suppose -y + w = -12. What is the remainder when (((-35)/(-28))/(-5))/(1/(-124)) is divided by y?
14
Suppose 0 = -m + 5*w + 72 + 38, 2*m - 185 = 3*w. Let q = m - 79. Let i(n) = -n**3 + 8*n**2 - 6*n - 7. Calculate the remainder when 171 is divided by i(q).
26
Suppose -497*y + 261 = -498*y. Let h = 409 + y. Calculate the remainder when h is divided by 26.
18
Suppose -4*f + 25*i + 24 = 27*i, f - 20 = -4*i. Suppose -f*u + 3*r + 157 = 0, -r = 2*u + 2*r - 101. Calculate the remainder when u is divided by 13.
4
Let b = -2076 - -2134. Let j = 0 + 12. What is the remainder when b is divided by j?
10
Suppose 4*w - 92 = -4*n, 4*n + 35*w = 38*w + 71. Suppose -n*p + 30*p = 200. What is the remainder when 557 is divided by p?
17
Suppose -z = 3*t - 141, -259 = z - 256. Calculate the remainder when 525 is divided by t.
45
Let d(o) = 6*o**3 + 68*o**2 + 5*o + 8. Let a(y) = y**3 - 14*y**2 + 18*y - 16. What is the remainder when d(-11) is divided by a(13)?
48
Suppose -3*u - q = -4*q - 540, 2*u - 360 = 3*q. What is the remainder when ((-36)/(-5))/(6/u) is divided by 22?
18
Let n be (5*-8)/(2/(-2)). Let t be 768/16 + 1 + 0. Let a = t - n. What is the remainder when 52 is divided by a?
7
Let v = -1443 + 1564. Calculate the remainder when v is divided by 28.
9
Suppose -266*x + 1356495 = -161*x. Calculate the remainder when x is divided by 71.
68
Suppose -356*r + 352*r - 24 = 0. Calculate the remainder when ((-5)/r)/((-79)/(-25122)) is divided by 67.
64
Suppose -5*x - 8 = 5*k - 3*k, 2*x = -4. What is the remainder when (k + -16)/(3/(-18)) is divided by (1 + -63)/(-7*(-28)/(-98))?
28
Let n = 10666 - 10105. What is the remainder when n is divided by 79?
8
Suppose -3*q = -10 - 5. Suppose -2*b + 5*z - q = 0, -4*b + 3*b - 7 = -4*z. Suppose 245 = 21*c - 18*c + 32*c. Calculate the remainder when c is divided by b.
2
Let h(g) = -16 - 23 - g**2 - 12*g + 9 + 0. Let l be h(-8). Suppose l*z = 6*z - 60. What is the remainder when z is divided by 7?
1
Suppose -47*w - 160 = -51*w. Let z be 7 + 1*(-1 - 1). Let k = 10 + z. Calculate the remainder when w is divided by k.
10
Let t be ((-105)/14 - -8)/((-1)/348). Let o = 223 + t. Calculate the remainder when o is divided by 33.
16
Let t = 8 + -4. Suppose -5*x + 5*m = -40, 3*x - m = -2*x + 24. Suppose 4*s + x - 24 = 0. Calculate the remainder when s is divided by t.
1
Let z be 360/(-48)*2/(-3). Suppose 264 = z*g + 3*g. Let s = g - 24. Calculate the remainder when 14 is divided by s.
5
Let d(j) = -15*j**3 - 2*j**2 - 3*j - 3. What is the remainder when d(-3) is divided by (-12)/7*336/(-64)?
6
Suppose 3*l = 16 + 29. Suppose -460*p + 495*p = 11480. Calculate the remainder when p is divided by l.
13
Let o(n) = -96*n + 4970. What is the remainder when 1559 is divided by o(49)?
229
Suppose 14*q + 291 = 3*f + 12*q, 485 = 5*f - 2*q. Let c = 134 - f. Calculate the remainder when 147 is divided by c.
36
Suppose -5*s + 79 = -3*b, 6 = -0*s + 3*s. Let w = 29 + b. Suppose -w*f - f + 126 = 0. What is the remainder when 34 is divided by f?
16
Suppose 4*m - 4*d - 16 = 0, 51*m - 5*d + 15 = 53*m. Suppose 3*l - n - 14 = 40, m*l + 4*n = 90. Calculate the remainder when 141 is divided by l.
15
Let w = -350 + 368. Suppose 5*h = -4*o + 21 - 97, -32 = 2*o + 4*h. Let p = 10 - o. What is the remainder when p is divided by w?
16
Let k(q) be the first derivative of -2*q**2 + 2*q - 17. What is the remainder when 31 is divided by k(-5)?
9
Let f(z) = 2*z**3 - 6*z**2 + 12*z - 8. What is the remainder when 575 is divided by f(4)?
71
Suppose -244*l - 58*l + 202210 = -25*l. What is the remainder when l is divided by 201?
127
Calculate the remainder when (0 + 1017)/((-71 - -50)/(-7)) is divided by 67.
4
Suppose -50*s - 1246 + 2818 + 2478 = 0. What is the remainder when 82 is divided by s?
1
Suppose 50*t - 2*j + 3 = 51*t, 1 = -j. Suppose -v - g + 359 = v, 5*v - t*g = 935. What is the remainder when v is divided by 8?
6
Let j be -4 - (1 + -1 - 7). Let w be (44/j)/((-15)/45). Let k = w + 63. Calculate the remainder when 49 is divided by k.
11
Let i be ((-1)/(-2))/((-51)/32130). Let f = 323 + i. What is the remainder when 214 is divided by f?
6
Suppose -10*o - 7*o = -289. Let x(k) = k**3 - 18*k**2 + 20*k - 37. Suppose -5*f = -29 - 106. Calculate the remainder when f is divided by x(o).
13
Suppose -12*d = -13*d - 85. Let h = -82 - d. What is the remainder when 6 is divided by h?
0
What is the remainder when 3415/(-10)*(-522 - 10)/14 is divided by 9?
8
Suppose 6*m + 99 - 141 = 0. Let a(b) = b**2 + 5*b - 2. Let f be a(-6). Calculate the remainder when 114/f*(-4)/(-6) is divided by m.
5
Let c(m) = 477*m - 3474. Let v(b) = 19*b - 139. Let a(w) = 4*c(w) - 99*v(w). What is the remainder when a(7) is divided by 14?
12
Suppose -35*l + 1245 = -69*l + 49*l. Calculate the remainder when 437 is divided by l.
22
Let q = 71 - 113. Let j be (-283)/(-7) - q/(-98). Suppose 0 = -3*h + 8*h - j. Calculate the remainder when 55 is divided by h.
7
Let l = 34 + -26. What is the remainder when 326 is divided by l?
6
Let x(m) = -2515*m**3 - m**2 - 7*m - 6. Calculate the remainder when x(-1) is divided by 23.
8
Suppose -3*a - m + 41 = 0, -12*a - m - 57 = -16*a. What is the remainder when 1385 is divided by a?
13
What is the remainder when (-2*(3 - (10 - 6)))/((-14)/(-1043)) is divided by 5?
4
Suppose 8*m + 91 + 29 = 0. Let s(l) = 6*l + 106. What is the remainder when 29 is divided by s(m)?
13
Calculate the remainder when (-1086)/4*(-2 + 220/33 - 6) is divided by 102.
56
Let r be 5/(1/(2 - 1)). Suppose r = -2*o - 35. What is the remainder when 37 is divided by (-404)/o - (-2)/(-10)?
17
Let c(q) = -2*q - 3. What is the remainder when (-142)/(19 - (-11232)/(-585) - (-2)/((-10)/9)) is divided by c(-5)?
1
Let o = -836 + 843. Calculate the remainder when 525/o + 10 + -2 is divided by 21.
20
Let i(b) be the second derivative of b**5/20 - 13*b. Let f be i(1). Calculate the remainder when 117 is divided by (((-12)/(-16))/1)/(f/40).
27
Let h be (0 + -4)*4816/64. Calculate the remainder when 207 is divided by h/215*1*-15.
18
What is the remainder when 699 is divided by ((-2)/6)/(-3 + 9/((-10287)/(-3426)))?
64
Suppose 106 - 286 = -9*y. Suppose -21*g + 4 = -y*g. Let t(a) = 6*a - 4. Calculate the remainder when 76 is divided by t(g).
16
Let j = 79 + -75. Calculate the remainder when 76 is divided by j.
0
Let f be (218/8)/((-63)/8 - -8). Let g = 282 - f. Let s(p) = -5*p - 7. Calculate the remainder when g is divided by s(-8).
31
Let r = 49 - 45. Suppose 5*l - 5*h - 50 = 0, 0 = -l + r*l - 5*h - 28. Let z = 36 - -6. Calculate the remainder when z is divided by l.
9
Let i(r) = -238*r - 2178. Calculate the remainder when i(-49) is divided by 102.
100
Let o = 4296 + -4198. What is the remainder when 304 is divided by o?
10
Let f = -797 - -799. Suppose -4*t + 187 + 84 = -5*i, 5*t - 314 = -f*i. Calculate the remainder when t is divided by 37.
27
Suppose 121*w - 120*w - 95 = 0. Suppose 155 - w = 10*s. Calculate the remainder when s is divided by 5.
1
Suppose 161*l - 12212 = -1264. Let b be (44/6)/((-2)/(-6)). Let r = b + l. What is the remainder when r is divided by 31?
28
Suppose 7*h - 2515 = 2176 - 1590. Calculate the remainder when h is divided by 86.
13
Suppose 27*w - 22*w - 35 = 0. Calculate the remainder when (w - -38)*(-2)/15*-5 is divided by 19.
11
Suppose 9*v = 163 + 233. Suppose -2*h = 3*q - 130, -v = -q + 5*h - 6*h. Calculate the remainder when 125 is divided by q.
41
Let g be (-1)/(-1) - (-22 - -22). What is the remainder when (g/2)/((-1)/(-388)) is divided by 33?
29
Suppose 21*r = 18*r - 246. Let a = 112 + r.